{"id":115,"date":"2012-01-26T16:57:36","date_gmt":"2012-01-26T16:57:36","guid":{"rendered":"http:\/\/brings-online.com\/demo\/wplegal\/?page_id=115"},"modified":"2025-11-25T13:57:25","modified_gmt":"2025-11-25T13:57:25","slug":"impressum","status":"publish","type":"page","link":"https:\/\/www.speiser-kissel.de\/?page_id=115","title":{"rendered":"Impressum"},"content":{"rendered":"<p style=\"text-align: justify;\">Angaben gem\u00e4\u00df \u00a7 5 Telemediengesetz<\/p>\n<p style=\"text-align: justify;\">Speiser &amp; Kissel, Rechtsanw\u00e4lte<br \/>\nKreuznacher Stra\u00dfe 30<br \/>\nD-60486 Frankfurt am Main<br \/>\nTelefon: 069\/719186-0<br \/>\nTelefax: 069\/719186-10<br \/>\nE-Mail: info@speiser-kissel.de<br \/>\nInternet: www.speiser-kissel.de<\/p>\n<p style=\"text-align: justify;\">Ust-IDN: DE213680307<\/p>\n<p style=\"text-align: justify;\">Ansprechpartner f\u00fcr alle Fragen zum Inhalt dieser Website ist Rechtsanwalt Dr. Kissel.<\/p>\n<p style=\"text-align: justify;\">\u00dcber unser Kontaktformular \u00fcbersandte Daten werden ausschlie\u00dflich intern verwendet und Dritten nicht zur Verf\u00fcgung gestellt.<\/p>\n<p style=\"text-align: justify;\">Zust\u00e4ndige Standesvertretung:<br \/>\nRechtsanwaltskammer Frankfurt am Main<br \/>\nBockenheimer Anlage 36<br \/>\n60322 Frankfurt am Main<br \/>\nInternet: www.rechtsanwaltskammer-ffm.de<\/p>\n<p style=\"text-align: justify;\">Eine Berufshaftpflichtversicherung f\u00fcr Dres. Speiser &amp; Kissel besteht bei der ERGO-Platz 1,<br \/>\nERGO-Platz 1, 40477 D\u00fcsseldorf. Der r\u00e4umliche Geltungsbereich des Versicherungsschutzes umfasst T\u00e4tigkeiten in Europa und gen\u00fcgt damit mindestens den Anforderungen<br \/>\nder Vorschriften gem. \u00a7 51 Bundesrechtsanwaltsordnung (BRAO).<\/p>\n","protected":false},"excerpt":{"rendered":"<p>Angaben gem\u00e4\u00df \u00a7 5 Telemediengesetz Speiser &amp; Kissel, Rechtsanw\u00e4lte Kreuznacher Stra\u00dfe 30 D-60486 Frankfurt am Main Telefon: 069\/719186-0 Telefax: 069\/719186-10 E-Mail: info@speiser-kissel.de Internet: www.speiser-kissel.de Ust-IDN: DE213680307 Ansprechpartner f\u00fcr alle Fragen zum Inhalt dieser Website ist Rechtsanwalt Dr. Kissel. \u00dcber unser Kontaktformular \u00fcbersandte Daten werden ausschlie\u00dflich intern verwendet und Dritten nicht zur Verf\u00fcgung gestellt. Zust\u00e4ndige Standesvertretung: [&hellip;]<\/p>\n","protected":false},"author":1,"featured_media":0,"parent":0,"menu_order":0,"comment_status":"open","ping_status":"open","template":"","meta":[],"_links":{"self":[{"href":"https:\/\/www.speiser-kissel.de\/index.php?rest_route=\/wp\/v2\/pages\/115"}],"collection":[{"href":"https:\/\/www.speiser-kissel.de\/index.php?rest_route=\/wp\/v2\/pages"}],"about":[{"href":"https:\/\/www.speiser-kissel.de\/index.php?rest_route=\/wp\/v2\/types\/page"}],"author":[{"embeddable":true,"href":"https:\/\/www.speiser-kissel.de\/index.php?rest_route=\/wp\/v2\/users\/1"}],"replies":[{"embeddable":true,"href":"https:\/\/www.speiser-kissel.de\/index.php?rest_route=%2Fwp%2Fv2%2Fcomments&post=115"}],"version-history":[{"count":13,"href":"https:\/\/www.speiser-kissel.de\/index.php?rest_route=\/wp\/v2\/pages\/115\/revisions"}],"predecessor-version":[{"id":661,"href":"https:\/\/www.speiser-kissel.de\/index.php?rest_route=\/wp\/v2\/pages\/115\/revisions\/661"}],"wp:attachment":[{"href":"https:\/\/www.speiser-kissel.de\/index.php?rest_route=%2Fwp%2Fv2%2Fmedia&parent=115"}],"curies":[{"name":"wp","href":"https:\/\/api.w.org\/{rel}","templated":true}]}}